x(c) = -5*c. Let f be x(k). What is the highest common factor of 15 and f?
5
Let j be ((-6)/5)/((-61)/30 - -2). Suppose q - 381 = 15. Calculate the greatest common divisor of q and j.
36
Let s be 3/(-1)*(-10)/(-3). Let a be (16/s)/(6/(-105)). Let n(p) = -p**2 - 5*p + 4. Let k be n(-5). What is the greatest common factor of a and k?
4
Suppose 2*o + 2*o = 116. Let c = 79 - o. Suppose -5*n - 10 + 0 = 0, -5*k + 60 = -5*n. Calculate the greatest common factor of c and k.
10
Suppose 0 = -3*s + 5*l + 45, 4*s - 17 = 2*l + 29. Suppose -18 = -2*d + s. Calculate the highest common factor of 7 and d.
7
Let d be (1 + 8/1)*2. Let w(o) = -o + 1. Let r be w(1). Suppose r = 2*q - 0*q - 24. Calculate the highest common divisor of q and d.
6
Suppose 2*m - 20 = -3*m. Suppose m*i + 20 = 5*t, -3*t = -8*t + i + 35. What is the highest common divisor of t and 24?
8
Suppose 3*z + 1 - 4 = 0. Calculate the highest common divisor of z and 2.
1
Let m = 12 + -8. Suppose -3*s = -m*r + 229, r - 3*s = -s + 61. Calculate the highest common divisor of 22 and r.
11
Let l be (-3592)/(-60) + 4/(-90)*-3. Let p be (-6)/(2/(8/(-2))). Calculate the highest common divisor of l and p.
12
Let b be ((1 - 0)/3)/((-13)/(-975)). Calculate the highest common divisor of 275 and b.
25
Suppose -4*a + 2*w + 2 = 0, -2*w = a - 7*w + 4. Suppose -y + a = -2. Let p(r) = r**2 - 4. Let c be p(-4). What is the highest common factor of y and c?
3
Let c be 1 - -3 - (-2 - -1). Calculate the greatest common divisor of c and 5.
5
Suppose -92 = 3*c + c. Let t = -6 - c. Let x = t + -10. What is the highest common factor of 56 and x?
7
Suppose -2*r + 4*t = 0, 0 = -r - 0*t - 5*t + 14. What is the highest common divisor of r and 32?
4
Suppose l + 3 = 7. Let s be 2 + 102/4*2. Suppose 7 = l*i - s. What is the greatest common factor of 6 and i?
3
Suppose -9 = -5*v + 6. What is the greatest common divisor of 3 and v?
3
Let r = 8 + -2. Suppose 3*f + 5*c = r*c + 22, 3*c = 5*f - 30. Calculate the greatest common divisor of 3 and f.
3
Suppose 4*u = -16, 75 + 7 = 5*p + 2*u. Calculate the highest common divisor of p and 18.
18
Let n = -27 + 42. What is the greatest common factor of 3 and n?
3
Suppose -15 - 3 = -3*t. Suppose 2*c = -258 + t. Let x = 222 + c. What is the highest common divisor of 12 and x?
12
Suppose 5*o = 7*o - 42. Let v = -5 + 8. Suppose -v*z + u = -37, z - 4*u = 5*z - 76. What is the greatest common divisor of z and o?
7
Let y(k) = k**2 - 4*k + 10. Let l be y(-5). Suppose -4*w = -7 - 37. What is the highest common divisor of l and w?
11
Let q = -12 - -34. Calculate the highest common factor of 66 and q.
22
Let z(f) = -f + 5. Let w be z(3). What is the greatest common divisor of w and 20?
2
Suppose -5*j + 7 = -i, j + 3*i - 8 = i. Suppose -2*t - j*t = -200. Let u be 18 + (-1)/((-3)/6). What is the greatest common divisor of u and t?
10
Suppose 3*p + 2*p = 4*o - 3100, -10 = -2*o. Let l be (6/4)/((-6)/p). Calculate the greatest common factor of 14 and l.
14
Let n(g) = 7*g**3 + g**2 + 2*g - 1. Let a be 48/5 + 8/20. Suppose 4 = -3*w + a. Let t be n(w). Calculate the highest common divisor of t and 9.
9
Let x(u) = 7*u**2 + 13*u - 11. Let t be x(8). Suppose 213 + t = 4*l + 2*q, 0 = -2*l + 4*q + 362. Calculate the highest common divisor of l and 17.
17
Let c(a) = a**3 + 9*a**2 - 11*a - 12. Let z be c(-10). Let v(f) = 4*f**2 + f - 1. Let u be v(z). Calculate the highest common factor of 26 and u.
13
Suppose -4*m + 5*v = -77, 4*m - 3*v = -37 + 104. Suppose -x - m = -t + 2, t - 13 = 3*x. Calculate the highest common divisor of 112 and t.
16
Suppose 0 = -2*p + 4*c + 6, -9 = -3*p - 0*c - 4*c. Calculate the greatest common divisor of 1 and p.
1
Suppose u - 3*o + 3 = 0, 3*u + 51 = -2*u - 3*o. Let q = -2 - u. Let g be -3*q*(1 + -2). What is the highest common divisor of g and 231?
21
Let g = 1 - -6. Let c = 3 - 3. Suppose l - 2*l = -3*z + 22, c = -4*z + l + 29. Calculate the greatest common factor of z and g.
7
Suppose -s = 3 - 13. Let r = s - -2. Calculate the highest common factor of 48 and r.
12
Suppose 5*j - 4*j = 0. Suppose j = i + 4*m - 21, -4*i + i + 43 = 2*m. What is the highest common divisor of i and 13?
13
Let r be (-4)/(-22) + (-24)/11. Let m = r + 4. Suppose m*i = -i + 54. What is the highest common divisor of i and 90?
18
Let l be -13*(6 + -2)/(-4). Calculate the highest common factor of l and 143.
13
Suppose -46 = -2*g - 4*v, -2*v = 5*g + v - 87. What is the greatest common divisor of g and 30?
15
Suppose 0 = -3*t + 2 + 1. Calculate the highest common factor of t and 5.
1
Let s be 25 + (-1 - -2)*-1. Let k be (-11)/(-4) + (-2)/(-8). Let n be (k/6)/(1/6). What is the highest common divisor of n and s?
3
Let a(n) = 9*n**2 - 3 - 2*n**2 - 2*n**2 - 2 - n**3. Let o be a(4). Let i = o + 8. Calculate the highest common divisor of i and 209.
19
Let u = 3 - -9. Let f(p) = -4*p - 13. Let c be f(-4). What is the highest common divisor of c and u?
3
Suppose -4*q + 692 = 5*d - 8*q, 0 = 3*q + 9. Calculate the highest common factor of 17 and d.
17
Let w(y) = 2*y**2 - 11*y - 5. Let q be w(-6). Calculate the greatest common factor of q and 19.
19
Let q = -8 + 16. Let a(g) = 2*g**3 - 4*g**2 - 3*g + 4. Let d be a(4). What is the highest common divisor of q and d?
8
Suppose -2*r = 2*r - 108. Suppose v + r = 4*v. Let l = v + -1. Calculate the greatest common factor of 16 and l.
8
Suppose -270 = m - 4*m. Calculate the greatest common divisor of 18 and m.
18
Suppose -3*m = -5*m + t + 6, -6 = -2*m - 5*t. What is the highest common divisor of m and 33?
3
Suppose -p + a + 11 = 0, 2*p - 4*a - 16 = a. Calculate the highest common factor of p and 208.
13
Suppose -2*y - 14 = -38. Calculate the highest common divisor of 8 and y.
4
Let y(l) = -12*l - 2. Let t(o) = 12*o + 2. Let j(m) = -6*t(m) - 7*y(m). Let p be j(1). Calculate the highest common factor of 70 and p.
14
Let a = 20 + -9. Calculate the greatest common factor of a and 88.
11
Let v = -7 - -13. Let c be 2 + v/3 + 1. Suppose -3*i = g - 184, -c*i - 3*g = -0*i - 312. What is the highest common divisor of i and 15?
15
Let v = 6 + -1. Suppose 48 = -v*n + 133. Let d = n + -7. What is the highest common divisor of d and 4?
2
Suppose 3*v - 29 = -4*g, 0 = 3*g - 0*v + 3*v - 24. Calculate the highest common factor of 10 and g.
5
Let r be (-16585)/(-65) + (-2)/13. Calculate the highest common divisor of 15 and r.
15
Let u be (16/(-10) - -2)*5. Let l be (20/6)/(u/6). Let j be 12 + (1 - -3*(-2)/(-3)). Calculate the greatest common factor of l and j.
5
Suppose 0 = -3*p - p + 336. What is the greatest common divisor of p and 12?
12
Let s be (1/3)/((-3)/(-54)). Suppose 0 = -b + k + 12, -2*b = s*k - 2*k - 48. Calculate the greatest common divisor of b and 24.
8
Suppose -3*x = -4*w + 294, 0 = w + 5*x - 3*x - 79. Let r be 3 - (1 + 0 - w). What is the highest common factor of 11 and r?
11
Let y(q) = -q + 1. Let v be y(-1). Suppose -v*d + 8 + 4 = 0. Calculate the greatest common factor of d and 30.
6
Let y(s) = s**2 + 4*s - 5. Let i be y(8). Let p = 22 + -9. Calculate the greatest common factor of p and i.
13
Suppose 3*y + 1 - 10 = 0. Let p(a) = 2*a**3 - 2 + 0*a**2 + 3 - 4*a**2 + 0*a**2 - a. Let k be p(y). Calculate the greatest common divisor of k and 112.
16
Let g(z) = z + 16. Let b be g(-14). What is the greatest common factor of 22 and b?
2
Let c(a) = 10*a - 6. Let k be c(7). What is the greatest common factor of 8 and k?
8
Let x(n) = 21*n - 6. Let o be x(2). Calculate the highest common divisor of o and 12.
12
Suppose -2*m + 47 = -z, 5*z - 54 = -m - 14. Suppose -3*g = 2*g - m. Suppose 4*s - 5 = 3*s. What is the greatest common factor of g and s?
5
Suppose 0 = -8*c + 3*c + 125. Suppose 2*j - 3*z + 0*z = 29, -3 = z. Calculate the highest common factor of j and c.
5
Suppose -3*d - 5*t + 390 = d, -304 = -3*d + 2*t. Calculate the greatest common factor of 25 and d.
25
Let v = 37 - -34. Calculate the greatest common factor of v and 71.
71
Let w(s) = 0*s + 4*s**3 - 4 - 2 + 2 - s - 5*s**2. Let p be w(4). Calculate the highest common divisor of 21 and p.
21
Suppose i + 117 - 13 = 2*k, -5*k + 4*i + 254 = 0. Calculate the greatest common divisor of k and 126.
18
Suppose 540 = 9*y - 5*y. Calculate the greatest common divisor of 90 and y.
45
Let v be (-6*(-5)/3)/2. What is the highest common divisor of v an